ue
Is 115665421 a composite number?
False
Is 679033 composite?
False
Is 10415861 a composite number?
False
Is 6550457 a prime number?
False
Is 188143279 a composite number?
True
Is 22632941 prime?
True
Is 331001459 a prime number?
True
Is 13868369 a composite number?
False
Is 9834851 composite?
True
Is 332561 a composite number?
False
Is 45582457 a prime number?
False
Is 54401447 composite?
True
Is 664897 composite?
True
Is 65700273 a composite number?
True
Is 4402787 a prime number?
True
Is 8648981 composite?
True
Is 227975323 composite?
False
Is 367953 prime?
False
Is 46616917 a prime number?
True
Is 2241797 prime?
True
Is 5305151 a composite number?
False
Is 48038269 a composite number?
False
Is 795471983 a composite number?
False
Is 18631309 a composite number?
False
Is 141653063 a composite number?
False
Is 3442865 composite?
True
Is 10471961 prime?
False
Is 119407 composite?
True
Is 2078473 a prime number?
True
Is 3928355 a prime number?
False
Is 1258709 a composite number?
False
Is 61208141 a composite number?
True
Is 21638423 a prime number?
False
Is 929003 a composite number?
False
Is 116926603 composite?
False
Is 24088477 a composite number?
True
Is 56863571 a composite number?
False
Is 17397577 composite?
False
Is 4478527 a composite number?
False
Is 40417 composite?
True
Is 1429451 prime?
True
Is 4657381 composite?
False
Is 214778741 a composite number?
False
Is 229862098 a prime number?
False
Is 2307367 composite?
False
Is 5658937 a prime number?
False
Is 3724219 prime?
False
Is 2271755 a composite number?
True
Is 6223537 a composite number?
True
Is 61901353 a prime number?
False
Is 40157 prime?
False
Is 311042491 prime?
True
Is 97091669 a prime number?
True
Is 21570373 a composite number?
True
Is 79923271 a composite number?
False
Is 45601637 prime?
False
Is 11264269 composite?
True
Is 58145437 a composite number?
True
Is 2691485 prime?
False
Is 32689021 composite?
False
Is 26545079 composite?
True
Is 178759 a composite number?
True
Is 3289690037 prime?
True
Is 257633 composite?
True
Is 3013039 composite?
True
Is 558295109 a composite number?
True
Is 5966467 a composite number?
True
Is 2282699 a prime number?
True
Is 1326841 prime?
False
Is 10121869 composite?
True
Is 106851191 a prime number?
True
Is 7274951 a composite number?
False
Is 52864319 prime?
True
Is 753307 a prime number?
True
Is 105011 composite?
True
Is 220529 prime?
True
Is 26925811 composite?
True
Is 30889829 a prime number?
False
Is 312170687 a composite number?
False
Is 127523239 composite?
True
Is 7534942 a composite number?
True
Is 29800843 prime?
True
Is 2872139 a composite number?
False
Is 580906559 prime?
True
Is 4519231 a composite number?
False
Is 103964449 a prime number?
False
Is 7089577 a composite number?
True
Is 24679673 composite?
False
Is 81215707 prime?
True
Is 54698237 a prime number?
False
Is 3186679 composite?
False
Is 36228631 a prime number?
True
Is 169369411 a composite number?
False
Is 97478023 composite?
False
Is 79124011 prime?
False
Is 14988931 a composite number?
False
Is 16439749 a composite number?
False
Is 27105311 a prime number?
False
Is 302727829 a composite number?
True
Is 23102789 prime?
True
Is 12525841 prime?
True
Is 24444671 a prime number?
True
Is 1719581 a prime number?
False
Is 37726633 prime?
False
Is 234124021 a composite number?
True
Is 15271657 composite?
False
Is 457307 composite?
False
Is 8415889 a prime number?
True
Is 38147729 composite?
False
Is 17318131 prime?
True
Is 39188033 a prime number?
True
Is 559021423 composite?
False
Is 93747191 prime?
False
Is 20631491 a prime number?
True
Is 4052027 a composite number?
True
Is 674804101 a prime number?
False
Is 750926541 a composite number?
True
Is 10802629 a composite number?
False
Is 186689863 composite?
False
Is 14938363 a prime number?
False
Is 79687 composite?
False
Is 56143811 a composite number?
False
Is 339211 composite?
False
Is 29186021 prime?
True
Is 10292819 composite?
False
Is 20916767 a composite number?
False
Is 27104587 a prime number?
True
Is 2380951 a prime number?
True
Is 130820227 a composite number?
True
Is 50022139 a composite number?
False
Is 216942167 prime?
False
Is 5641787 a composite number?
False
Is 373912321 prime?
False
Is 163245829 a prime number?
False
Is 3336869 prime?
False
Is 9833977 prime?
True
Is 79091521 prime?
True
Is 139690339 a prime number?
False
Is 6965027 prime?
True
Is 463314589 a composite number?
False
Is 5949407 a composite number?
False
Is 133072973 a composite number?
True
Is 6011437 composite?
True
Is 2377097 a prime number?
True
Is 2163949 a composite number?
False
Is 2532181 a composite number?
True
Is 43056073 prime?
False
Is 3554147 composite?
False
Is 7109257 a prime number?
True
Is 5241557 prime?
True
Is 1618157 prime?
False
Is 464718003 prime?
False
Is 3608477 prime?
True
Is 75528779 composite?
False
Is 194598757 composite?
False
Is 1781861 prime?
False
Is 5800497 a prime number?
False
Is 28477201 a composite number?
False
Is 2238259 a composite number?
False
Is 15848869 prime?
False
Is 703568771 prime?
True
Is 33777371 a composite number?
False
Is 1074833 prime?
True
Is 122531611 prime?
True
Is 107066549 composite?
False
Is 32865221 a prime number?
False
Is 9213487 prime?
False
Is 100490333 composite?
True
Is 98191633 a prime number?
True
Is 14289245 prime?
False
Is 8995247 a composite number?
False
Is 273556969 prime?
False
Is 606241 composite?
False
Is 17613569 composite?
False
Is 1397477 a prime number?
True
Is 4541318 composite?
True
Is 3017581 prime?
False
Is 4107247 composite?
False
Is 12078247 composite?
False
Is 105830713 prime?
True
Is 573329 a prime number?
True
Is 2369163 composite?
True
Is 99333173 a composite number?
True
Is 56699449 a composite number?
False
Is 21031333 composite?
False
Is 129582769 composite?
True
Is 2682818 a composite number?
True
Is 26527307 composite?
False
Is 2171513 composite?
True
Is 1151413 prime?
True
Is 76563379 prime?
False
Is 7528679 composite?
False
Is 13828801 a prime number?
False
Is 13917847 prime?
True
Is 287173 a composite number?
False
Is 564343337 a composite number?
True
Is 5342703 composite?
True
Is 194374003 prime?
True
Is 40149721 a composite number?
False
Is 357052859 composite?
False
Is 707477 prime?
False
Is 60251 prime?
True
Is 65068177 a prime number?
False
Is 4392998 prime?
False
Is 26917691 prime?
False
Is 1369619 a composite number?
False
Is 5299133 a composite number?
True
Is 31454189 a prime number?
False
Is 5175197 prime?
False
Is 133886881 a composite number?
True
Is 1725767 prime?
True
Is 12057257 a composite number?
True
Is 2303309 a composite number?
False
Is 45468889 prime?
True
Is 11542171 a prime number?
True
Is 462522601 composite?
True
Is 4596791 prime?
False
Is 278812405 a composite number?
True
Is 2956097 a composite number?
False
Is 29611699 prime?
False
Is 2908165009 a prime number?
True
Is 614923 a composite number?
True
Is 255610585 prime?
False
Is 286969213 a prime number?
True
Is 34981 a composite number?
False
Is 2882689 a composite number?
True
Is 1730882377 composite?
True
Is 93845071 a composite number?
True
Is 14371419 prime?
False
Is 83322521 a prime number?
False
Is 42788017 a composite number?
True
Is 388623373 composite?
True
Is 581487437 composite?
False
Is 167192021 prime?
False
Is 321534485 prime?
False
Is 4234757 composite?
True
Is 130323211 prime?
True
Is 24988323 composite?
True
Is 58495 prime?
False
Is 252389479 a composite number?
False
Is 20502533 a prime number?
True
Is 130327447 prime?
True
Is 56668187 composite?
False
Is 23523293 a composite number?
True
Is 24062957 prime?
False
Is 15943129 prime?
True
Is 159320659 a prime number?
True
Is 976883 prime?
True
Is 3677029 a prime number?
True
Is 6580571 prime?
False
Is 46311743 prime?
True
Is 31624907 a prime number?
True
Is 3029467 composite?
True
Is 310049 a composite number?
False
Is 35060317 composite?
False
Is 162187507 a composite number?
False
Is 13562077 prime?
True
Is 1811791 a prime number?
True
Is 30132383 prime?
True
Is 5186471 a prime number?
True
Is 12480227 a composite number?
True
Is 18986153 a composite number?
False
Is 5579359 prime?
True
Is 7086811 composite?
False
Is 307783 a composite number?
True
Is 1086539 composite?
True
Is 773207 a